s the value of 25 + -19 + (-9 - 2)?
-5
Calculate 1 - ((5 + 0 - 10) + 2).
4
What is the value of -3 + 6 - 2 - (3 - -2)?
-4
Calculate -1 + (1 - (-1 + -1)).
2
Evaluate -8 + (27 - 7) + -12.
0
Calculate 8 + (-5 - 1) + 2.
4
2 - (0 - -3) - (6 + -6)
-1
Evaluate -1 - (3 + -4 - (-1 - 2)).
-3
Calculate (-6 - (-10 + -1)) + -6.
-1
-4 + (5 - 6) + 8
3
(3 - 6 - (0 + -4)) + 2
3
What is -9 + (6 - (1 + -10))?
6
-4 - (-13 - -6 - -3)
0
Calculate 7 + -7 - (2 - (5 + -8)).
-5
What is the value of 1 + 0 - (-5 - -7)?
-1
What is the value of (-3 - 1) + (-1 - -1) + 2?
-2
What is 0 + (-14 - -13) + 1 + -3?
-3
Evaluate (-6 - -6) + (2 - -4 - 2).
4
What is the value of (11 - 7) + (-2 - (0 + -2))?
4
What is 3 + 4 + -4 + 1?
4
Evaluate -4 + (-3 + -1 - -13).
5
Calculate -8 + (-10 - (1 + -24)).
5
Calculate 14 + -10 + 0 - (1 + 2).
1
What is the value of 0 + -3 + 2 - (-3 + 1)?
1
4 + -2 - (-7 - -5 - -2)
2
1 + 10 + (-12 - -7)
6
Evaluate -4 - (2 + (-7 - -4)).
-3
What is -5 - (0 - (-6 - -12))?
1
0 + 0 + -1 + -68 + 66
-3
What is (-10 + 2 - -11) + -3 + -1?
-1
-1 - 0 - (11 - (3 - -14))
5
What is -6 - (4 - 4) - -7?
1
What is the value of (1 - 1) + (5 - (0 + 10))?
-5
Calculate -13 - 0 - -6 - -5.
-2
Evaluate (1 - 2 - -3) + (1 - 4).
-1
Calculate (-6 - -12 - (1 - -17)) + 3.
-9
Evaluate 18 + -20 + (7 - 2).
3
Calculate 0 - (8 + (2 - 2) + -1).
-7
What is 9 + -3 - (-2 - -5)?
3
Calculate -4 - (-2 - (4 + -2)) - 0.
0
Evaluate 3 + (-2 - (-3 + 4)) + 5.
5
What is the value of -13 + 14 - (11 + -4)?
-6
Calculate 3 - (1 - (-2 - -1)).
1
(-4 - -12) + -12 + -4 + 13
5
What is the value of -2 + (1 - -2) + -3 - -5?
3
What is 1 + (0 + -1 - (-6 + 6))?
0
What is the value of 7 + (0 - -4) + 1 - 9?
3
What is 0 + (-5 - (-6 - 0))?
1
-3 - (5 - -2 - (-11 + 16))
-5
What is -2 + (1 - -5) + -8?
-4
What is the value of -22 + 20 - (-1 - (0 - -1))?
0
Calculate 0 + (1 - 2 - -1).
0
Evaluate 2 - (8 - (-1 - 0)).
-7
What is the value of -4 - (5 + -8 + -2) - 5?
-4
Calculate 3 - -3 - (8 - 1).
-1
What is the value of 4 + 2 + (-6 - (0 - 1))?
1
1 + -5 + (5 - -4)
5
What is 0 + -1 + 0 - (-7 - -10)?
-4
What is -3 + 6 + (-4 - 1)?
-2
Calculate 1 + 1 - (-3 - (-2 - -2)).
5
What is the value of 2 + (-11 - -3) + 2 + 2?
-2
Calculate (13 - (21 - -1)) + 5.
-4
Evaluate 3 + -8 + 3 + 4.
2
Calculate -6 + (14 - 12) + (2 - -6).
4
Evaluate 4 - (8 - 7 - -9).
-6
What is -9 + 11 - (0 + (1 - 2))?
3
Evaluate 3 - (2 + 3 + -6 - 0).
4
What is the value of 0 + (-4 + 2 - -6)?
4
Calculate (5 - 0) + 1 + -1.
5
What is -6 - (1 + (-6 - -4))?
-5
Evaluate 109 - 113 - (-14 + (3 - 2)).
9
-3 + -1 + (-8 - (-11 + -3))
2
Evaluate 3 - (-5 + 3) - (4 - 1).
2
What is the value of 0 + (-4 + 5 - -3)?
4
Evaluate -14 + (-12 - -30) - (0 - 0).
4
3 + (-3 - (-4 + 2 + 4))
-2
What is 4 - (-4 + 7 + 0)?
1
-18 + 22 - (-2 + 2 - 1)
5
Evaluate 1 + 4 + -37 + 27.
-5
Evaluate (4 - -2) + (-3 - -4) + -2.
5
What is 7 + (10 - 12) + -7?
-2
What is the value of 4 + 1 - (11 + -8)?
2
-7 + 11 + (1 - (1 - 0))
4
What is -31 + 29 - (-1 - 5)?
4
8 + -6 - (1 + 3)
-2
Calculate 5 - 0 - (-4 - -3) - -1.
7
(2 + -2 + -4 - -2) + -3
-5
Calculate (6 + -10 - 1) + 1.
-4
What is (-1 - (-1 - -6)) + (9 - 5)?
-2
What is the value of 6 + (10 + -10 - 9)?
-3
What is (-9 - -4) + -2 - -5?
-2
(3 - 1) + (-6 + -7 - -6)
-5
Evaluate 0 - (-3 - (1 - 2 - 3)).
-1
What is 3 + -2 + 2 + -6?
-3
-3 + -5 + -1 + 12
3
Calculate -2 + 3 + 6 + -2.
5
Calculate (2 - (1 - 3)) + 3 + -1.
6
Evaluate -2 - -2 - (-1 + -1).
2
Evaluate -11 + 5 + 7 - (8 - 3).
-4
What is the value of (-2 - 0) + 1 + 0 + 3?
2
(8 - 10 - 2) + (-2 - -1)
-5
Calculate (1 - 17) + 215 + -203.
-4
Calculate 1 + (0 - (3 - -4)) - -2.
-4
Evaluate 1 - (3 + 3 + -2).
-3
Evaluate 2 + 2 + -1 + -6 - -5.
2
Evaluate (3 - -4) + -1 - (-2 + 3).
5
What is the value of -1 + (5 + -3 - 1)?
0
Calculate 2 + 9 + -28 + 23.
6
(-1 - (-1 - 4)) + -4
0
What is the value of (11 - 7 - (3 + -8)) + -5?
4
Evaluate -11 + -5 + 10 - -2.
-4
Calculate (-13 - -6 - (-7 - 2)) + -3.
-1
Evaluate (-9 + 4 - -1) + 4 - -5.
5
What is the value of 29 + -28 - (1 + 3)?
-3
What is the value of 4 + -3 + -1 + -3 + -1?
-4
What is (-2 - -2) + (12 - (7 + -4))?
9
What is -3 - ((5 - 3) + -2 + -1)?
-2
Evaluate (3 - 4 - 4) + 8 + -5.
-2
What is the value of -5 - (-3 + 7 - 3)?
-6
7 + -6 + -1 + -1 + 5
4
Calculate 1 + (1 - -5) + -6.
1
(-2 - -8) + -9 + -1
-4
What is 3 + 7 + (-11 - -5 - -3)?
7
What is the value of 10 - (16 + -10) - -1?
5
What is 3 - 2 - (2 - (-3 - -8))?
4
(-6 - (4 + -3)) + 3
-4
Evaluate (5 - 8) + 0 + -1.
-4
Calculate -2 - -3 - (-3 + (13 - 4)).
-5
Calculate 5 - (8 - (3 - 6)).
-6
Evaluate 0 + 3 - (10 - 4).
-3
What is the value of (-3 + -1 - (-22 - -19)) + -2?
-3
-8 - ((7 - 13) + 0)
-2
What is the value of (0 - (-2 + 4)) + 5?
3
0 - (-5 + (3 - 2) + 8)
-4
What is the value of 21 - 26 - (-1 - 3) - 3?
-4
-7 + (-2 - (-12 + 6))
-3
Evaluate (10 - -3 - 9) + 0 + 1.
5
What is the value of 6 + (-3 - ((-1 - 4) + 4))?
4
-3 - ((-3 - 5) + 12)
-7
What is (12 - (-6 + 18)) + -2 + -1?
-3
What is 0 - (5 - (4 - 6 - -5))?
-2
What is the value of 0 - -7 - 3 - 5?
-1
6 - (-2 + 0) - 12
-4
Calculate 16 - 16 - (1 + 3).
-4
Calculate -9 + 14 + -3 + 6 - 14.
-6
Evaluate 1 + (-3 + (-2 - -3) - 1).
-2
0 + 0 - (3 + -1)
-2
What is -4 + 1 - (-6 + -2)?
5
2 - (-4 - (-7 - 0))
-1
What is -4 + 0 + (8 - 4)?
0
-25 + 19 - ((2 - 3) + -1)
-4
What is 0 - ((0 - -3) + (-4 - 2))?
3
-2 - (1 - 6) - 2
1
What is the value of -8 + 3 + 2 + 4 + 1?
2
What is 8 + 0 + -3 + -1?
4
What is -5 - (-6 - (4 + -10)) - -6?
1
Evaluate 0 + 4 + 1 + (0 - 3).
2
What is (2 - 3 - -1 - 0) + -1?
-1
Calculate (1 - (-6 - -3)) + -1 + 2.
5
What is the value of 6 - (3 - 6 - -9)?
0
What is the value of -10 + 11 + (0 - 0) + 2?
3
What is the value of -6 + 0 + -11 + 14 + 0?
-3
What is the value of 1 - (5 + -14 + -1 + 6)?
5
What is the value of (4 - (3 - -8) - -4) + 0?
-3
Calculate -10 + 10 + (13 - 11).
2
What is the value of 23 + (-28 - -13) - 11?
-3
Calculate (1 + -3 - 3) + (-8 - -16).
3
2 + 4 + 1 + (-2 - 2)
3
-4 + 1 - (1 + 1)
-5
What is the value of (-4 + 3 + 7 - 0) + -4?
2
What is the value of 9 - ((5 - -10) + -1)?
-5
What is the value of -4 + (5 - 3 - 1)?
-3
Calculate 0 + 1 + -2 + 0 + -2.
-3
What is the value of 10 + 10 + (-10 - 2)?
8
What is the value of -5 + 0 - (2 - (-2 + 4))?
-5
-10 - -9 - 11 - -5
-7
2 + 3 - (19 - 20)
6
What is the value of 36 + -19 - 17 - (1 - 9)?
8
What is the value of -7 + -1 + -1 + 1?
-8
-1 - (1 + -8) - 0 - 2
4
What is the value of -25 + 27 - (7 + (-1 - 0))?
-4
What is -1 - 6 - (45 + -50)?
-2
What is 4 + 0 - (-3 - -7)?
0
0 - ((1 - 7) + -34 + 33)
7
-11 + 9 + -1 + -4
-7
Calculate -1 - ((-3 - -4) + -2 - -4).
-4
Calculate -7 + 9 + (-9 - -5) + 7.
5
What is (28 - (35 - 6)) + (0 - 1)?
-2
What is the value of -4 + (-4 - (-7 + 0))?
-1
What is 2 + -9 + 2 - -4?
-1
What is -1 - (-3 - -3 - 2)?
1
What is the value of 3 - (-8 + 1 - -11)?
-1
-27 - -26 - (1 + -5)
3
Evaluate -20 + 11 + (-4 - -5).
-8
Evaluate (2 - 5) + 11 + 9 + -25.
-8
-2 - ((7 - 3) + -2 + -3)
-1
Calculate -1 + 15 + -8 + 1.
7
-2 + -4 + (13 - (-4 + 6))
5
What is the value of (6 - (-5 + 16)) + -13 + 8?
-10
Evaluate 8 + (-1 - (-6 + 4 - -4)).
5
Calculate -8 + 5 - 3 - (-6 - 1).
1
Calculate -59 - -47 - (1 - 20).
7
Evaluate 11 + -10 + -2 + 1 - -3.
3
Evaluate (-4 - -1) + -3 + 4 + 0.
-2
What is the value of ((-2 - 9) + 3 - -3) + 1?
-4
0 + (-2 - (1 + 1))
-4
What is -2 + -1 + -4 + 7 - -5?
5
3 + -1 + (5 - (8 - 1))
0
Evaluate -7 + 1 + (5 - (-2 + 7)).
-6
0 - (-1 + -3 + 0 + 4)
0
Evaluate 6 - 12 - (-3 - (-1 + 3)).
-1
Calculate (-3 - 3) + (3 - -3 - -2).
2
Evaluate (13 - 4 - 4) + (7 - 12).
0
Evaluate -2 - (-1 + -11 + 2).
8
What is 1 + 1 - (3 + -3 - -6)?
-4
Evaluate (-5 + 2 - 0) + (-29 - -24).
-8
Calculate 0 - (-4 + (1 - 1)).
4
What is the value of 7 + (-7 + 11 - -2 - 5)?
8
5 + 4 + -9 + -2
-2
Evaluate -1 + 5 - (3 + -1 - -1).
1
Calculate 1 - 7 - (0 - 0 - 10).
4
Evaluate (2 + 5 - 2 - 1) + 0.
4
What is the value of -5 - (1 - 7) - -5?
6
Calculate -71 + 65 - (-4 + 2).
-4
Calculate 3 + (-1 - 9) - (-9 + 8).
-6
What is the value of 5 - (2 + -6 + 2)?
7
What is the value of (2 - -4) + (3 - (10 + -2))?
1
Evaluate 3 + -11 + (12 - 6) + -8.
-10
Calculate -2 - (-3 + 7 + -2).
-4
What is the value of 4 - 2 - (-1 + 3)?
0
What is -4 + 4 + 5 - (0 + 0)?
5
What is the value of 2 + (0 - (-4 - -4))?
2
(-8 - -9 - 12) + 10
-1
Evaluate 1 + -6 - (1 + -1 + -1).
-4
-7 + -4 + -1 + 7
-5
Calculate -4 + 